.
23
List the prime factors of (-28224)/(-12 + 4) - 10.
2, 1759
Let g = 15 + -95. Let y = g + 120. List the prime factors of y.
2, 5
Let t(f) = f + 19. Let u be t(-17). Suppose -u*c + 0*c = -76. What are the prime factors of c?
2, 19
Let p = 6 + -23. Let w(d) = -d**3 - 17*d**2 + 3. Let h be w(p). Suppose -5*a + 90 = 3*y - 26, h*y - 5*a = 76. List the prime factors of y.
2
Suppose w = -2*w - 18. Suppose 5 = 3*p + 53. List the prime factors of (4 + 5)*p/w.
2, 3
Suppose 6*j = 5*j + 5. What are the prime factors of ((-596)/(-10) - -1) + 2/j?
61
Let h be -4*(-1)/(-1 + -1). Let l be 2 + 1 + h + 3. Suppose 2*s - 2*p - 90 = -l*p, 0 = p - 3. What are the prime factors of s?
2, 3, 7
List the prime factors of (-9)/(-18) - ((-61)/2 + -3).
2, 17
Let q = 354 - 113. Let l = q + -124. List the prime factors of l.
3, 13
What are the prime factors of (-8)/6 + (-48851)/(-33)?
3, 17, 29
Let a(n) = n**3 - 4*n**2 + 4*n + 1. Let f be a(3). Suppose -167 - 261 = -f*t. What are the prime factors of t?
107
Let a = -27 - 22. Let z = 70 + a. What are the prime factors of z?
3, 7
Let r = 3 - -6. Let p = r - -38. List the prime factors of p.
47
Let v(a) = 3*a**2 - a + 8. Let x(g) = g - 16. Let t be x(19). What are the prime factors of v(t)?
2
Let s(a) = -a**3 + 10*a**2 + 5*a + 5. Let z be s(10). Let b = z + 52. List the prime factors of b.
107
Let q be (-3)/(30/28*3/(-60)). Suppose -3*j - 5*f = -q + 11, f = 3. What are the prime factors of j?
2, 5
Let v be ((-24)/20)/(1/(-180)). Suppose 9*k - v = 3*k. List the prime factors of k.
2, 3
Let l(g) = -g**3 - 47*g**2 + 39*g + 24. What are the prime factors of l(-48)?
2, 3, 19
Let v(o) = -2*o**2 + 14*o - 8. Let r be v(6). Suppose r*j = -4 + 136. Suppose 2 + j = 5*m. What are the prime factors of m?
7
Let m = -77 + 547. Suppose -9*z + 14*z = m. List the prime factors of z.
2, 47
Let u(a) = -65*a + 263. List the prime factors of u(-51).
2, 1789
Suppose 0 = -o - 0*q - 4*q + 186, 3*q = -12. List the prime factors of o.
2, 101
Let y(a) = -3*a + 9. Suppose 3*x + 70 = -0*x + 4*i, x + 24 = 2*i. Let c = x + 18. List the prime factors of y(c).
3, 7
Let l = -102 - -98. List the prime factors of 0 + (1 + l)*-98.
2, 3, 7
Suppose 0 = 2*c + 3*d - 10601, 2997 = c + 4*d - 2291. What are the prime factors of c?
2, 1327
Suppose 3*p - 8*p = 0. Suppose -2*w - 2*w + 12 = p. Suppose -w*x - 15 = -6*x, -15 = -5*m + 3*x. List the prime factors of m.
2, 3
Suppose -4*p + 3*i = -0*p + 269, 0 = -3*p + 3*i - 204. Let a(f) = -f**3 + 5*f + 6. Let j be a(5). Let v = p - j. List the prime factors of v.
29
Let c(p) = p**3 - 30*p**2 - 33*p + 68. Let b be c(31). Suppose -6 = -5*z + 4. Suppose -z*q + b + 62 = 0. What are the prime factors of q?
2, 17
Suppose -l - 5*r + 47 + 140 = 0, -891 = -5*l - 3*r. What are the prime factors of l?
3, 59
Suppose 126 = 7*s - 665. Let c = -70 + s. Suppose c + 13 = 7*x. List the prime factors of x.
2
Let p(q) = -q**3 + q + 5. Let b be p(0). Let v(n) = -72*n. Let z(o) = -145*o + 1. Let i(m) = b*v(m) - 2*z(m). List the prime factors of i(-1).
2, 17
Let y = 571 - 369. Let a = -100 + y. List the prime factors of a.
2, 3, 17
Suppose -17*m = -24*m + 203. What are the prime factors of m?
29
Suppose -2*d - 6 = -2*q, -2*d + 8*q - 3*q - 9 = 0. Let n = -4 - -7. What are the prime factors of (38 + d)*n/4?
3
Suppose -18*p + 2137 = -3335. What are the prime factors of p?
2, 19
Suppose n + n = 4. Suppose 0 = j - 3, -y + 6 = -6*y + 2*j. Suppose 5*v - 5 = y, v = 3*r + n*v - 10. What are the prime factors of r?
3
Suppose -4*m + 2*x = -3*x - 759, -2*m - 2*x = -366. Suppose -2*b + m = 52. List the prime factors of b.
67
Let x(b) = -190*b - 7. List the prime factors of x(-2).
373
Suppose -6*p = -2*p. Suppose p = 2*d - 7*d. Suppose d = 5*v - w - 2*w - 85, -4*w + 120 = 5*v. List the prime factors of v.
2, 5
Suppose 5*p - 1118 = -3*d, -4*d - 2*p - 1508 = -8*d. List the prime factors of d.
2, 47
Let p(a) = -2 + 3 + 47*a**2 + a - 4*a + 7*a. List the prime factors of p(2).
197
Suppose 1100 = -15*u + 8135. List the prime factors of u.
7, 67
Suppose z = -2 + 8. Suppose 0 = z*w - 4*w - 6. Suppose w*i - 4*m - 4 = 54, 2*i - 47 = m. What are the prime factors of i?
2, 13
Let h = 65 + -63. What are the prime factors of 177 + -13 - (-2*h)/2?
2, 83
Let i(v) = 5*v**2 + 4. Let t(m) = 9*m**2 - m + 7. Let y(g) = -7*i(g) + 4*t(g). Let l be y(6). Let w = l - 3. List the prime factors of w.
3
Suppose 2*b - 11 = b. Suppose b*z = z + 530. What are the prime factors of z?
53
Suppose 3*m = c + 421, m = 2*c + 3*c + 117. What are the prime factors of -4 + (m - -4) - 0?
2, 71
Let v be 488/14 + 5/35. List the prime factors of (-10)/v + 1012/14.
2, 3
Let y(v) = 23*v + 70. What are the prime factors of y(10)?
2, 3, 5
Suppose -5*b = 20, 713 = 5*s + b - 48. Suppose s + 102 = 5*c. List the prime factors of c.
3, 17
Let p be (1 - 1) + 3/(3/2). What are the prime factors of ((-260)/p)/((-10)/5)?
5, 13
Suppose 2*i = i + 78. List the prime factors of (-297)/(-13) - (-12)/i.
23
Let w(m) = -m**3 - 13*m**2 - 28*m + 26. What are the prime factors of w(-13)?
2, 3, 5, 13
Suppose 3*p = 16*p - 5915. List the prime factors of p.
5, 7, 13
Let n = -89 + 92. Suppose 656 = -g + 5*g - 4*k, -n*g = k - 492. List the prime factors of g.
2, 41
Let h = -979 - -2207. List the prime factors of h.
2, 307
Suppose 7*t + 3*t - 6120 = 0. Suppose t = 12*h - 9*h. What are the prime factors of h?
2, 3, 17
Let y be 132/20 - 3/5. Let r(v) = v - 5. Let h be r(y). Suppose -h = -c + 15. What are the prime factors of c?
2
Let h = 5 - -8. Let m be 2/h + (-18)/117. Suppose m = -4*g - 8, 2*d - 4*g = -0*d + 102. List the prime factors of d.
47
Suppose 3*r = -1495 + 9100. Let m be r/33 - 4/(-22). Suppose 3*f - m + 11 = -5*v, -2*f - 32 = -3*v. What are the prime factors of v?
2, 3
Let x(d) = -d**2 + 21*d + 4. Let u(h) = 2*h**2 - 2*h - 6. Let j be u(4). List the prime factors of x(j).
2, 29
Suppose -2*i + 48 = 2*y + 2*y, 0 = 2*i - 8. Let g(r) = -y - 1 - 5*r - 4*r + 6*r. What are the prime factors of g(-11)?
2, 11
Let c(v) = -v + 16. Let t be c(9). Suppose 0 = 3*y - t*y. Suppose -l + s = -37, -s - 163 = -4*l - y*s. What are the prime factors of l?
2, 3, 7
Suppose -h + 2 + 332 = 0. List the prime factors of h.
2, 167
Suppose -3313 - 3707 = -30*v. List the prime factors of v.
2, 3, 13
Suppose -x = -0*x - 4. Suppose x*o = 4*q + 72, 2*q - 3*q = 5*o + 30. Let t = q - -44. What are the prime factors of t?
2, 3
Let x = -19 - -10. Let a(j) = j**2 - 2*j - 7. What are the prime factors of a(x)?
2, 23
Let k be (-1)/2*2*-7. Let z(n) = 3*n**2 - 6*n - 6. Let q be z(k). Suppose 5*c - 41 = q. What are the prime factors of c?
2, 7
Suppose 0 = 4*u + 16, 10*h - 6*h = -5*u + 5368. What are the prime factors of h?
3, 449
Suppose q - 166 = 134. Suppose -118 = 2*s - q. What are the prime factors of s?
7, 13
Let y(k) = -17*k**3 + 17*k**2 + 61*k - 6. What are the prime factors of y(-4)?
2, 3, 5, 37
Let r(y) = y**3 + 14*y**2 - 3*y + 13. What are the prime factors of r(-8)?
421
Let m(c) = -418*c - 288. What are the prime factors of m(-7)?
2, 1319
Suppose 0*v - 656 = -2*v. What are the prime factors of v?
2, 41
Suppose -16*l - 20 = -21*l. Suppose c - l*c = 0. List the prime factors of (c - 1)*(-4 + -30).
2, 17
Suppose 0 = 80*h - 3598 + 798. List the prime factors of h.
5, 7
Let f(x) = 295 + 29*x**2 - 30*x**2 - 3*x - 83. What are the prime factors of f(0)?
2, 53
Let q = 22 - 22. Suppose -399 = -7*y - q*y. List the prime factors of (y/(-2))/(1/(-2)).
3, 19
Suppose -2*o = 3*u - 5, 4*u - 7*u - 5*o = 1. List the prime factors of (u/(-2))/((-6)/532).
7, 19
Let y = 17 + -12. Suppose 0 = 2*g - y + 1. Suppose -234 = g*p - 11*p. List the prime factors of p.
2, 13
Suppose 0*y - 3*y + 48 = 0. Suppose 0 = -2*s + 6*s - y. Suppose 2*l + s*j - j - 10 = 0, -2*l - 5*j = -2. What are the prime factors of l?
11
List the prime factors of 1/7 + 34980/42.
7, 17
Suppose 0 = 3*d + 3*y - 9, 0 = -0*d - 3*d + 5*y - 31. What are the prime factors of (d + 1 + 0)*-42?
2, 3, 7
Let s = 157 + 330. List the prime factors of s.
487
Suppose 0 = -d + 12*d - 19382. List the prime factors of d.
2, 881
Suppose 2*n - 2*k + 2 = -3*n, 5*n + 2*k + 18 = 0. Let h(a) = -56*a - 6. What are the prime factors of h(n)?
2, 53
Let w = 20 + 13. What are the prime factors of w/1 - (-8)/(-2)?
29
Let i = -403 + 874. 